3*c + 11. Let z(w) = -14*w + 2 + 19*w + 2 + 0. Calculate z(c).
-11
Let g(q) = -2*q**2 + 17*q - 6. Let b(k) = 4*k**2 - 36*k + 13. Let y(l) = -6*b(l) - 13*g(l). Let f(s) = -3*s**2 + 4*s. Let o(m) = -6*f(m) - 5*y(m). Give o(1).
9
Let t(w) = 8*w + 4. Let k(n) = 7*n**3 - n**2 + 42*n - 40. Let v be k(1). Give t(v).
68
Suppose -10*w + 3 + 47 = 0. Suppose -w*a = 28 - 3. Let t(k) = -2*k + 2. Give t(a).
12
Let d(j) = -j**3 + 47*j**2 - 131*j - 42. Let l be d(44). Let a(p) = 16*p + 3. Calculate a(l).
35
Let s(f) be the third derivative of -f**5/60 + f**4/4 - f**3/3 - 6*f**2 + 16. Suppose 4*l + 8 = -a, 0 = a - l + 18. Let v = a + 20. Give s(v).
6
Let z(j) = 3*j**2 + j**2 + 3*j - j**2 - 4*j**2 + 2. Let t(s) = -s**2 - 5*s + 6. Let d be t(-10). Let w be (-165)/d*(-8)/(-6). Calculate z(w).
-8
Let n(v) = -2*v**2 - 45128*v - 54 - 2*v**2 + 45112*v - 2*v**2 + 5*v**2. Determine n(-6).
6
Let y(w) = w**3 - 8*w**2 + 13*w - 100. Let p be y(8). Let m(r) = -4*r**2 + 12. Calculate m(p).
-52
Let j be 40*6/24 + (-8)/2*1. Let u(n) = 2*n**2 - 17*n + 41. Calculate u(j).
11
Let l(d) = 5*d + 118. Let g(y) = -y - 49. Let k(j) = 2*g(j) + l(j). Calculate k(-4).
8
Let u(l) = -2*l**3 + 12*l**2 - 21*l - 28. Let o(v) = -v**3 + 6*v**2 - 10*v - 14. Let z(a) = -11*o(a) + 5*u(a). Calculate z(3).
2
Suppose 0 = q + 6*q + 56. Let b(m) = 19*m**2 - 20*m - 23. Let d(h) = 12*h**2 - 13*h - 15. Let u(f) = q*d(f) + 5*b(f). Give u(4).
5
Let a(j) be the second derivative of -j**4/6 - 5*j**3/6 + j**2 - 218*j. Give a(0).
2
Let h(v) = v**3 + 7*v**2 + 9*v + 14. Let n be h(-6). Let w(k) = -4*k - k**3 - 2 - 5*k + 26*k - 12*k + 0 - 3*k**2. Determine w(n).
-6
Let l(k) = 3187*k**3 - 3186*k**3 + 6 - 13*k**2 + 17*k**2 + k. What is l(-5)?
-24
Let j(u) = u + 10. Let q(n) = 2. Let d(r) = -j(r) + 6*q(r). Give d(-5).
7
Suppose -y = -6*y - 975. Let t be (2/5)/((-3)/y). Let l(w) = t*w - 13*w - 3 - 14*w. Calculate l(-4).
1
Suppose -18*b + 6*b = -144. Let l be 30/(-9) + (-8)/b*1. Let r be (l - 0/(-2)) + 0 + 2. Let q(k) = k. Determine q(r).
-2
Let c = -787 - -791. Suppose 12*m = c*m - 88. Let k(p) = p**3 + 11*p**2 + p - 1. Give k(m).
-12
Let u be 8/3*(-351)/234. Suppose 2*g + 28 = 6*g. Let z(r) = 0*r + 3 - 1 - r - g. Determine z(u).
-1
Let y(o) = -o**2 - 8*o - 6. Let g be ((-14)/(-3))/((-4)/(-6)). Let q = -658 - -721. Suppose 0 = -g*t - q + 14. Determine y(t).
1
Let g(s) be the first derivative of -1/2*s**2 + 62 - 8*s. Calculate g(-7).
-1
Suppose -7*p + 1937 = 1972. Let h(t) = t**3 + 7*t**2 + 7*t - 3. Give h(p).
12
Let r(z) be the first derivative of 2*z**3/3 - z**2/2 - z - 1022. What is r(-1)?
2
Let s(t) = -3*t + 56. Suppose 14*h - 7*h = 8*h + h. Calculate s(h).
56
Let p(h) = -h**3 - h**2 + h + 1. Let x(a) = 5*a**3 + 10*a**2 + 6*a - 4. Let w(u) = 4*p(u) + x(u). Let v = -12796 - -12792. Give w(v).
-8
Let m(b) = 7*b + 8. Let o(x) = -x - 1. Let g(n) = -m(n) - 6*o(n). Suppose -2 - 26 = 1087*p - 1094*p. Calculate g(p).
-6
Let f = 587 - -350. Let a = f + -936. Let s(u) = 28*u. Give s(a).
28
Let a(u) = 2*u + 6. Suppose 7*h + 20*h - 216 = 0. Suppose l = -3 + 24. Suppose -h = 2*i + 3*v, 5*i + 60 = 2*v + l. Give a(i).
-8
Let f be (24*(-66)/308)/((-3)/21*2). Let z(i) = -3*i + 58. Determine z(f).
4
Suppose 7*y - 207 = 4*y. Let b = y - 60. Let t(w) = 11*w**2 + 23*w + 12. Let v(q) = 5*q**2 + 11*q + 6. Let j(c) = b*v(c) - 4*t(c). Calculate j(-5).
-4
Let f(c) = -4 + c**3 - 5 - 6*c + 6 - 5*c**2. Let v(b) = -b**3 - 11*b**2 - 20*b - 94. Let w be v(-10). Give f(w).
-3
Let b(z) = -9*z + 1. Let c(s) = -4*s + 1. Let l(g) = 3*b(g) - 7*c(g). Let x(k) = -2*k**2 + 62*k - 446. Let a be x(12). What is l(a)?
6
Let w = -9829 - -9844. Let r(a) = -a**2 + 22*a - 96. What is r(w)?
9
Let c = -456 - -1056. Let i = 611 - c. Let x(f) be the second derivative of -f**5/20 + 5*f**4/6 + 11*f**3/6 + 5*f**2/2 - f. Give x(i).
5
Let h(d) = -3*d - 15*d - 174 - 280 + 664. Give h(11).
12
Let y(p) = 2*p**3 + 32*p**2 + p - 19. Suppose 2*u - 5*v - 10 = -57, -3*u = 5*v + 33. What is y(u)?
-35
Let i = 31 - 28. Suppose 0 = 3*z - n - 20, -3 = -z + 4*n - 11. Let k(y) = -z*y**3 - 2*y + 7*y**3 + 0 + 1 + 5*y**2 - 2. Give k(i).
11
Let p(f) be the third derivative of 0 + 37*f**2 + 0*f - 1/24*f**4 + 1/2*f**3. Calculate p(5).
-2
Let o be (-6 - -3)*((-10 - -15)/15 - -6). Let w(x) = 6*x**2 + 115*x + 18. Give w(o).
-1
Let b(m) be the third derivative of -m**4/24 + 71*m**3/6 - 3376*m**2. What is b(36)?
35
Let y(q) = -6*q - 4. Let w(x) = -164*x + 56*x + 5 + 58*x + 58*x. Let a(o) = 5*w(o) + 6*y(o). Give a(2).
9
Let x(l) be the first derivative of 7*l**6/360 + l**5/120 + l**4/24 - 121*l**3/3 + 98. Let a(p) be the third derivative of x(p). Determine a(-1).
7
Suppose -277*x - 930 = -206*x - 78. Let r(c) = 2*c + 16. Calculate r(x).
-8
Suppose -2*v + 62 = -46*y + 41*y, 68 = -4*y - 3*v. Let u(a) = -4 - a**2 - 9 + 8*a - 23*a. Calculate u(y).
1
Let z(t) = 19*t**3 - 9*t**2 + 20*t + 14. Let v(m) = 15*m**3 - 7*m**2 + 18*m + 12. Let i(l) = 5*v(l) - 4*z(l). What is i(0)?
4
Let z(h) = 7*h**2 + 27*h - 51. Let r be z(2). Let t(l) be the second derivative of r*l + 0 + 1/6*l**3 + 5*l**2. Determine t(-6).
4
Suppose q = 12 + 1. Let i(h) = -4*h - 7. Let y(d) = -2*d + 443 - 223 - 223. Let g(w) = q*y(w) - 6*i(w). Determine g(3).
-3
Let y(v) = 6*v + 3. Let h(w) = 2*w - 38. Let g be 735/231 + (-4)/22. Let j = g - -14. Let l be h(j). What is y(l)?
-21
Let z(f) = -22*f**3 - 22*f**2 + 102*f - 246. Let t(u) = 5*u**3 + 4*u**2 - 27*u + 62. Let m(b) = 9*t(b) + 2*z(b). Determine m(11).
0
Let t = -4300 + 4300. Let p(y) be the second derivative of -1/4*y**4 + 12*y + t - y**2 + 2/3*y**3. Determine p(2).
-6
Let m = 128 - 126. Let i(q) = -q**m + 8*q + 2 + 9*q - 34*q + 14*q. Give i(-3).
2
Let b(q) = -q**3 - 9*q**2 + 13*q + 35. Let h be 4048/(-407) - (-68)/(-1258). Calculate b(h).
5
Let m(y) be the first derivative of -2*y**3/3 + 9*y**2/2 - 680. Determine m(4).
4
Let v(r) = -9*r**2 + 5*r - 6. Let f(u) = 18*u**2 - 8*u + 11. Let q(p) = -4*f(p) - 7*v(p). Calculate q(-1).
-8
Let p(b) = b**2 - 19*b + 78. Let c be p(16). Suppose 0 = -c*a + 3*a + 243. Let f(t) = -2*t + 12. What is f(a)?
-6
Suppose 59*f = -53*f - 108 - 4. Let z(o) = -100*o**2 - 2*o - 1. What is z(f)?
-99
Let p(v) = -v**2 - 9*v + 12. Let i(q) be the third derivative of -q**5/60 - q**4/24 + 10*q**3/3 + 7*q**2 - 2. Let f be i(5). Give p(f).
2
Let o(g) be the first derivative of -g**3/3 + g**2 + 9*g + 276727. Let n = -1 + 5. What is o(n)?
1
Suppose -15*g + 2*h = -17*g + 10, 4*g + 34 = 5*h. Let q(y) be the third derivative of -2*y**5/15 - y**4/24 - y**3/6 + 13*y**2. Give q(g).
-8
Let s(g) = -2*g**3 - 5*g**2 - 5*g + 29. Let h(l) = 2*l**2 - l**3 + l + 14 - 5*l**2 - 4*l. Let z(y) = -5*h(y) + 3*s(y). Calculate z(0).
17
Let s(z) = z**3 + 21*z**2 - 22*z + 25. Suppose -114*x + 181 = -121*x + 27. Determine s(x).
25
Let b be (-4)/7 + (-5958)/(-63) + 5. Suppose -b*u + 108*u = 54. Let f(q) = q**3 - 8*q**2 + 5*q + 4. What is f(u)?
-38
Suppose 0 = 3*s - 16*s + 390. Suppose -16*c = -6*c + s. Let p(i) = -2*i**2 + 92*i - 3 + 3*i**2 - 91*i. Calculate p(c).
3
Let r(m) = -8*m + 3. Let g(w) = -4*w + 2. Let l(k) = 5*g(k) - 3*r(k). Let o = -689 + 696. Suppose -90 = -o*i - 111. Give l(i).
-11
Let w(d) = -47*d**3 + 15*d**2 + 102*d**3 + 44 - 6*d - 92 - 8*d**2 - 54*d**3. Calculate w(-7).
-6
Let p(v) = -v. Suppose 7*w - 13 = -6. Let h(n) = -9*n - 1. Let t(d) = w*h(d) - p(d). Give t(-1).
7
Suppose -168*p + 130*p - 38 = 0. Let z(o) = 17*o**2 - 3*o - 2. Give z(p).
18
Let i(q) = 59*q**2 + 26*q - 173. Let t(p) = 74*p**2 + 24*p - 173. Let a(o) = 5*i(o) - 4*t(o). Calculate a(6).
-5
Suppose -22 = 7*q - 50. Let k(s) = s**3 + 5*s**2 + 2*s - 4. Let h be k(-4). Let d(b) = 3*b - h*b + 40 + b**3 - 38 - 4*b**2. Give d(q).
-2
Let p(s) = -3*s + 23*s - 11 - 24*s. Let d(u) = u - 1. Let w(f) = 3*d(f) + p(f). Suppose 183*n - 184*n = 6. What is w(n)?
-8
Let m(f) = 2*f**2 + 7*f + 5. Let h be m(-4). Let t(i) = 8*i**2 - i + 64. Let s(y) = y**2 + y + 9. Let g(q) = 7*s(q) - t(q). What is g(h)?
-10
Suppose -63*t - 173*t + 944 = 0. Let l(i) = -i**3 + 6*i**2 - 5*i + 14. What is l(t)?
26
Let r = -8 + 6. Suppose 4*u - 46 = 4*w - 14, 5*w = u. Let a(x) = -2*x**2 - 11*x + 3. Let d(p) = -6*p**2 - 36*p + 10. Let l(o) = u*a(o) - 3*d(o). What is l(r)?
-4
Let h be (1 + (-20)/6)/(147/(-126)). Let y(g) = -27*g + 41. Calculate y(h).
-13
Le